 + 0. Let g(t) = 9*t**k + s*t + t - 4*t**3. What is g(1)?
6
Let j(p) = 2*p. Let g(n) = n**2 + 7*n + 6. Let w be g(-6). Let r(b) = 3*b**2 + 3 + w*b**2 - 4 - 2*b + b**2. Let k be r(-1). Give j(k).
10
Let f(l) be the second derivative of -7*l**5/20 + l**3/6 - 52*l. Determine f(1).
-6
Let j(w) be the second derivative of 3*w**2 - 3*w - 1/6*w**3 + 0. Calculate j(5).
1
Let y be 2/(-4)*(12 - 2). Let h = 0 - -4. Let k(d) = 0*d - d**2 - 5*d + h + 1. Give k(y).
5
Let q(j) = j**2 - 1. Suppose u + c + 7 = 0, 2*c - 3*c = 4. Let n(w) = -2*w - 4. Let h be n(u). Let p(s) = 2*s - 3. Let y be p(h). Give q(y).
0
Let v(a) = -5*a**3 - 8*a**2 - 8*a. Let o(k) = 5*k**3 + 7*k**2 + 7*k. Suppose -18 = 4*d + 5*b, 2*b + 11 - 29 = 2*d. Let n(q) = d*o(q) - 6*v(q). Calculate n(-1).
5
Let j(c) = 19*c**3 + 3*c**2 - 10. Let k(p) = -p**3 + 7*p**2 - 5. Let y be k(7). Let z(v) = -13*v**3 - 2*v**2 + 7. Let i(t) = y*j(t) - 7*z(t). Calculate i(-1).
4
Let h(w) = w**3 + 4*w**2 + 5*w + 2. Let f be h(-3). Let p(o) = -9*o + 6*o + 5*o + 3. Give p(f).
-5
Let y = 9 + -1. Let f(d) = -2 - y*d + 1 + 6*d. Give f(-2).
3
Let l = -10 + 12. Suppose 0*z - 5*z - 20 = -5*r, -12 = -l*r - 2*z. Let t(a) = -a + 3. Give t(r).
-2
Suppose 0 = -2*j - 5 - 5. Suppose -5*v = -11 + 1. Let u(l) = 8 - l - 10 - v*l. Give u(j).
13
Let w(v) = 3*v + 7. Let l(n) = 0*n - 5*n + n - 8. Let x(o) = -4*l(o) - 5*w(o). Calculate x(-4).
-7
Let s(r) = 9*r**3 + 12*r**2 + 12. Let u(a) = -a**2 - 1. Let b(w) = s(w) + 12*u(w). Give b(1).
9
Let y be -2 - (-3 + 3) - -5 - 0. Let p(m) = -m - 4. Calculate p(y).
-7
Let t(m) = m - 3. Let a be t(-3). Let p(q) = q**3 + 5*q**2 - 4*q + 6. Give p(a).
-6
Let p = 57 + -64. Let r(t) = t**2 + 8*t + 7. Calculate r(p).
0
Let o(r) = 8*r - 4*r + 0*r. Let b be 0 - (-1 - -5) - (3 + -6). Give o(b).
-4
Let b = 6 - 7. Let t be 1/(b*(-3)/15). Let i(d) = -d + 6. Give i(t).
1
Let g = 25 + -21. Suppose g*f + s = 29, 0 = 3*f - 2*f - 5*s + 19. Let b(l) = l**2 - 5*l + 5. What is b(f)?
11
Let h(c) = -2*c**3 + c**2 + c + 2. Let x(a) = 3*a - 6*a + 0*a - 1. Suppose 0 = -3*r - 4 + 1. Let g be x(r). What is h(g)?
-8
Let p(c) = -c + 6. Let h(l) = l**3 + 7*l**2 + 7*l + 6. Let q be h(-6). Calculate p(q).
6
Suppose -r + 34 = -5*k, 2*k + 2 = -4*r + 6. Let y(x) = -4*x - 2. Determine y(k).
22
Let z(k) = 3*k**3 - 2*k**2 - 2*k + 1. Let h(a) = -14*a**3 + 11*a**2 + 11*a - 6. Let i(l) = 2*h(l) + 11*z(l). Calculate i(-1).
-6
Suppose 2 = -3*t - 7. Let k(s) = 2*s + 1. What is k(t)?
-5
Let t(f) = -f**2 - 6*f - 3. Let y be t(-5). Suppose 4*r + 5*v = -0*v + 45, 0 = y*r - 2*v. Let w(s) = -2*s + 2. What is w(r)?
-8
Let w(p) be the first derivative of 1/4*p**4 + 6 + 7*p + 3/2*p**2 + 2*p**3. Calculate w(-6).
-11
Let k(s) = -22*s**2. Let b be 20/(-5) - 0 - -3. What is k(b)?
-22
Suppose 8*t = -12 + 44. Let w(m) = m**3 - 6*m**2 + 6*m - 2. What is w(t)?
-10
Let p(c) = -c**3 + 9*c**2 - 9*c + 10. Suppose 5*x - 2*w + 14 - 56 = 0, 3*x + 3*w - 21 = 0. What is p(x)?
2
Suppose 9 = -n - 3. Let q be 12*-2*(-3)/n. Let x(p) = -p - 1. What is x(q)?
5
Let p(s) = 4*s**3 + 6*s**2 + 7*s - 1. Let j(o) = 5*o**3 + 6*o**2 + 8*o - 1. Let y(m) = -5*j(m) + 6*p(m). Determine y(6).
11
Let a(z) = -z**3 + 9*z**2 - 9*z + 7. Let n be 5*(12/(-10))/(6/(-8)). Give a(n).
-1
Let p(w) = -w**2 + 2*w - 3. Let x be 1 - 0 - (-3)/3. Determine p(x).
-3
Suppose -2*p = -5*i + 25, -6 + 1 = -i - 4*p. Suppose -3*d = -1 - i. Let f(u) = 0*u + d + u**3 - 4*u + 2*u**2 - 2*u**3. What is f(2)?
-6
Let f(x) = x**3 + 4*x**2 - 5*x - 4. Let i(u) = -u + 4. Let w be i(8). Calculate f(w).
16
Let p(a) = -2*a + 3. Suppose 26 - 6 = 4*g. Let w(q) = q - 2. Let j(k) = g*w(k) + 3*p(k). Determine j(-6).
5
Let z(a) = -a**2 + 6*a - 1. Suppose 5*y = -36 - 9. Let d be (-2 + (-24)/y)*9. Determine z(d).
-1
Let b(o) = -2*o - 22 + o + 23. Suppose 0 = -2*x + 4*x - k - 1, 0 = -x + k + 1. What is b(x)?
1
Let g(b) = -b**2 - 8*b - 7. Let h = -56 + 51. Calculate g(h).
8
Let n(l) = 2*l**3 - 2*l. Let j = 201 - 199. Determine n(j).
12
Let y(l) be the second derivative of l**5/40 - l**3/3 + 3*l. Let m(f) be the second derivative of y(f). Calculate m(-1).
-3
Let o(y) = -y**2. Let b(d) = 19*d**2 + d. Let g(s) = b(s) + 4*o(s). What is g(-1)?
14
Let a(x) = x**2 + 4*x - 7. Suppose 0 = 2*p - 5*p. Let h be p + 8 + -2 + -1. Suppose l = -5*w - 20, w + 31 = -h*l - w. Determine a(l).
-2
Let x(d) = -4*d - 2. Let l be x(-1). Let n(p) = -p**2. Let c(b) = b**2 + b + 9. Let t(j) = l*n(j) + c(j). Give t(0).
9
Let c(x) = -3*x - x + 2*x + 6*x - 1. What is c(-5)?
-21
Let d(j) = j**3 + 2*j**2 - 5*j - 3. Suppose a - 3*n = -12, -2*a - 4*n + 2*n + 16 = 0. Suppose 9 = -a*k - 0. What is d(k)?
3
Let k(b) = b - 3. Let x be k(-3). Let r(j) = -3*j - 8. What is r(x)?
10
Let c(j) = j**2 + 1. Let g(a) = a**2 + 9*a + 17. Let z be g(-7). Determine c(z).
10
Let u(m) be the second derivative of m**7/840 - m**6/180 + m**5/60 - m**4/12 + 7*m**3/6 - 7*m. Let i(j) be the second derivative of u(j). Give i(2).
2
Let j(n) be the second derivative of n**4/12 + n**3/6 + n**2 + 15*n. Let s = 1 + -1. Give j(s).
2
Suppose 0 = -10*z + 6*z - 12. Let k(j) = -j**2 - 4*j - 4. Calculate k(z).
-1
Let t(w) = -w**3 + 3*w**2 + 4*w - 6. Let h be 3 + -2 - -4 - 0. Suppose 0 = 4*y - h*s + 4, 3*y + s + 3*s - 28 = 0. Determine t(y).
-6
Suppose -2*m + 15 = -5*m. Let r(j) = -2 - 7*j + 8*j + 2. Give r(m).
-5
Let v(d) be the second derivative of 7/2*d**2 + 1/6*d**3 + 0 + d. What is v(-6)?
1
Let i = 6 - 5. Let o(f) = -f + 2. Determine o(i).
1
Let v(r) be the first derivative of -r**6/120 + r**5/30 - r**4/8 + r**3 - 10. Let n(y) be the third derivative of v(y). What is n(2)?
-7
Let i(j) = -j**2 + j + 6. Suppose -3*r - 21 = v, 1 = -2*r - 0*r - 5*v. Let c = r + 8. Calculate i(c).
6
Let j(y) = y**3 + y. Let v(o) be the second derivative of o**4/12 + o**3/3 - o**2 + 4*o. Let x be v(-3). Give j(x).
2
Let x(o) = o**2 - o. Let r(n) = 2*n**2 - 7*n. Let k(y) = r(y) - 3*x(y). Give k(-5).
-5
Let o(m) = m + 4. Let v be o(-4). Let a(t) = 3*t + 4*t + v - 5*t**2 + 2 + 6*t**2. Determine a(-6).
-4
Let l(w) be the second derivative of w**5/20 + 5*w**4/12 - w**3 - 9*w**2/2 - 19*w. What is l(-6)?
-9
Let a(j) be the third derivative of j**4/8 + j**3/3 - j**2. Suppose -2*m = -9 + 5. Determine a(m).
8
Let t(u) = 21 + 5*u**2 - 5*u - u**2 - 22 - 5*u**2. Calculate t(-5).
-1
Let z(t) = t**3 - 5*t**2 + 2*t + 1. Let s(w) = w**3 - 16*w**2 + 7. Let x be s(16). Suppose q = x - 3. What is z(q)?
-7
Let f(w) = 2*w**2 - w - 2. Let j(a) = 9*a - 16. Let q be j(2). Determine f(q).
4
Let i(s) be the second derivative of s**5/20 + 7*s**4/12 - 4*s**3/3 - s**2 + 18*s. Give i(-8).
-2
Let j(r) = -r + 8. Let t be j(3). Suppose 0 = -t*l - 18 - 7. Let k(c) = 2*c**2 + 1 - c**2 + 3*c + c. Give k(l).
6
Let q(b) = 3*b**2 + 2*b - 1. Let w be q(1). Let z(k) = -k. Give z(w).
-4
Let m(i) = -13*i + 37. Let x(p) = 3*p - 9. Let j(a) = 2*m(a) + 9*x(a). Give j(0).
-7
Let k(j) be the third derivative of 0*j + 1/120*j**6 + 0*j**4 - 1/12*j**5 + 0 + j**2 - 7/6*j**3. Let q = -13 - -18. What is k(q)?
-7
Let n(j) = -j**3 - 4*j**2 - 4*j + 3. Let v(d) = -d**3 - 3*d**2 - 3*d + 2. Let f(k) = 5*n(k) - 6*v(k). Let q be 5 + (1 - 2)*2. What is f(q)?
6
Let f(n) be the second derivative of n**3/3 - n**2 + 4*n. Let z be 2*3*6/(-4). Let k = -6 - z. Determine f(k).
4
Let j(c) = -c**2 + 10*c - 12. Let b be j(9). Let i = 1 + 1. Let q(k) = -k**3 - 3*k**2 + 6 + 0 - i. Determine q(b).
4
Let x(l) be the third derivative of 1/24*l**4 + 1/72*l**6 + l**2 + 0*l + 0*l**3 + 0 + 1/120*l**5. Let j(g) be the second derivative of x(g). Determine j(1).
11
Suppose 0 = -4*j + 2*a - 2, -3*a = 2*j + 2*a - 17. Let p(g) = -j - 3*g + 7 - 9 - 2*g - g**2. What is p(-4)?
1
Let y(d) = 4*d**3 - 18*d**2 - 12*d + 11. Let l(u) = 3*u**3 - 17*u**2 - 12*u + 10. Let i(w) = -5*l(w) + 4*y(w). Determine i(-12).
-6
Let b(x) = x**2 - 5*x + 6. Let c be (-4)/(-14) + 534/42. Let y = c + -9. Give b(y).
2
Let f(h) = -h**3 + 7*h**2 - 7*h. Let n be 4/(-10)*-5*3. Determine f(n).
-6
Let x = -21 - -22. Let q(d) be the first derivative of 4*d**2 + 1. Give q(x).
8
Suppose 5*n = -0 - 25. Let q(t) = -t**2 - 5*t + 2. Calculate q(n).
2
Let l(x) = -9*x + 1. Suppose -5*k = -o + 4 - 6, k - 4*o + 11 = 0. Give l(k).
-8
Let n(d) = -d**3 - 5*d**2 + 5*d - 8. Let m be n(-6). Let k be 39/12 - m/(-8). Let x(c) = -2*c**2 + 5*c - 2. Give x(k).
-